8060.
620
Calculate the highest common factor of 20385 and 8640.
135
Calculate the highest common divisor of 1184001 and 273.
273
What is the highest common divisor of 605 and 53119?
121
Calculate the highest common factor of 8932 and 2030.
406
What is the highest common factor of 559949 and 133?
19
Calculate the highest common factor of 6036366 and 1212.
606
What is the highest common factor of 2747850 and 630?
210
What is the highest common divisor of 720 and 2088?
72
Calculate the highest common divisor of 110584 and 584.
8
What is the greatest common divisor of 3161 and 725?
29
Calculate the highest common factor of 50189 and 496.
31
What is the greatest common divisor of 590 and 15458?
118
What is the highest common factor of 25772 and 40932?
1516
Calculate the greatest common factor of 27708 and 132.
12
What is the highest common factor of 11 and 1991?
11
What is the greatest common divisor of 1708 and 44164?
244
What is the highest common factor of 84 and 7518?
42
Calculate the greatest common divisor of 6647 and 85.
17
What is the greatest common divisor of 51720 and 4?
4
Calculate the highest common factor of 280 and 202560.
40
Calculate the highest common factor of 4903956 and 153.
153
What is the greatest common factor of 1652 and 531826?
118
Calculate the greatest common divisor of 380 and 767828.
76
Calculate the highest common factor of 26 and 1722617.
13
What is the highest common factor of 68 and 132991?
17
Calculate the highest common factor of 150 and 11353200.
150
Calculate the highest common divisor of 3297 and 62957.
157
What is the highest common divisor of 5800 and 7308?
116
What is the greatest common divisor of 6202 and 602?
14
What is the greatest common divisor of 5376 and 10392?
24
What is the highest common divisor of 268514 and 6?
2
What is the greatest common divisor of 23171591 and 163?
163
What is the greatest common divisor of 202728 and 1032?
24
What is the highest common factor of 28 and 1051750?
14
Calculate the greatest common divisor of 20 and 512.
4
What is the highest common divisor of 69050 and 30?
10
What is the highest common divisor of 69728 and 24?
8
Calculate the highest common divisor of 616 and 728.
56
What is the greatest common factor of 459 and 183906?
153
What is the highest common factor of 27000 and 3?
3
Calculate the highest common factor of 104295 and 255.
255
Calculate the highest common divisor of 359320 and 1690.
130
Calculate the greatest common divisor of 38391 and 1407.
201
What is the greatest common factor of 72324 and 1312?
164
What is the greatest common factor of 97831 and 3523?
271
Calculate the greatest common divisor of 16314 and 82.
2
What is the greatest common divisor of 249 and 51792?
249
Calculate the greatest common divisor of 2232 and 127782.
558
Calculate the greatest common factor of 98 and 5257.
7
What is the greatest common factor of 16171 and 28222?
103
Calculate the highest common divisor of 45635 and 215.
5
Calculate the greatest common factor of 35600 and 600.
200
Calculate the greatest common factor of 284 and 240548.
284
What is the greatest common divisor of 29 and 2782115?
29
Calculate the highest common factor of 11889857 and 413.
413
What is the highest common factor of 185800 and 300?
100
What is the highest common divisor of 99 and 493245?
9
Calculate the highest common divisor of 13786 and 915.
61
What is the greatest common divisor of 10294 and 226?
2
Calculate the highest common factor of 258 and 822762.
258
What is the highest common divisor of 19936 and 16576?
224
Calculate the greatest common divisor of 2926 and 21014.
266
What is the greatest common divisor of 1504 and 384?
32
What is the highest common divisor of 12 and 320028?
12
Calculate the highest common divisor of 34003895 and 1205.
1205
What is the highest common factor of 138 and 9528?
6
Calculate the highest common divisor of 61013 and 85.
17
What is the highest common divisor of 80125 and 85?
5
What is the highest common divisor of 23 and 529?
23
Calculate the highest common divisor of 31890 and 240.
30
What is the greatest common divisor of 2536137 and 2844?
711
Calculate the highest common factor of 22040 and 130720.
760
What is the highest common divisor of 101595 and 195?
195
Calculate the highest common factor of 24 and 1833972.
12
What is the highest common divisor of 2405 and 650?
65
Calculate the highest common factor of 1115500 and 25.
25
What is the greatest common divisor of 83 and 84577?
83
Calculate the greatest common divisor of 1668022 and 58.
58
Calculate the highest common factor of 19 and 17122477.
19
Calculate the greatest common divisor of 374 and 431783.
187
Calculate the highest common factor of 10 and 9522470.
10
Calculate the greatest common divisor of 365652 and 378.
126
Calculate the greatest common divisor of 5 and 1657375.
5
What is the greatest common divisor of 42 and 241479?
21
Calculate the highest common factor of 14 and 53494.
14
Calculate the greatest common factor of 15 and 14009085.
15
Calculate the highest common factor of 703 and 2134308.
703
Calculate the greatest common divisor of 655704 and 504.
504
What is the highest common divisor of 9 and 4859?
1
What is the highest common factor of 926880 and 78?
6
What is the greatest common divisor of 36686 and 34918?
442
What is the greatest common factor of 350870 and 1495?
65
What is the highest common factor of 10008 and 39?
3
What is the greatest common divisor of 745 and 18923?
149
Calculate the greatest common factor of 747 and 72791.
83
What is the highest common factor of 102462 and 90?
6
What is the greatest common divisor of 480 and 702?
6
What is the greatest common divisor of 5568231 and 9588?
2397
Calculate the highest common divisor of 7204 and 428.
4
Calculate the greatest common factor of 667 and 1193263.
667
What is the highest common divisor of 803 and 33572?
11
What is the greatest common factor of 3192 and 697585?
133
What is the highest common divisor of 141876 and 189?
63
What is the greatest common divisor of 439875 and 16875?
1125
Calculate the greatest common divisor of 12 and 473613.
3
What is the highest common divisor of 1558924 and 356?
356
Calculate the greatest common divisor of 91690 and 5.
5
What is the highest common divisor of 2412 and 462099?
201
Calculate the highest common factor of 2737 and 8533.
161
Calculate the highest common divisor of 209 and 482999.
209
Calculate the greatest common divisor of 114 and 2031974.
38
What is the greatest common factor of 614211 and 156?
39
Calculate the greatest common factor of 621882 and 18.
18
What is the highest common divisor of 2714587 and 57?
19
What is the highest common divisor of 10975 and 13609?
439
What is the highest common divisor of 1575 and 14925?
75
What is the greatest common divisor of 9639 and 26649?
567
Calculate the greatest common divisor of 14559 and 251301.
633
What is the greatest common divisor of 16985 and 105070?
395
What is the highest common divisor of 30 and 4870?
10
What is the greatest common divisor of 2 and 2059966?
2
Calculate the greatest common divisor of 32 and 3768.
8
What is the greatest common factor of 331788 and 6708?
516
Calculate the greatest common factor of 285 and 435.
15
Calculate the greatest common divisor of 1001 and 923.
13
What is the highest common factor of 4935 and 6110?
235
What is the greatest common divisor of 64 and 315264?
64
Calculate the greatest common factor of 24600 and 36408.
984
Calculate the greatest common factor of 1398 and 2095835.
233
Calculate the greatest common divisor of 5273240 and 370.
370
What is the highest common divisor of 669060 and 6237?
567
What is the highest common factor of 1970 and 1200?
10
What is the highest common factor of 12492 and 84?
12
What is the highest common factor of 39621 and 1967?
281
Calculate the greatest common divisor of 4277 and 149877.
91
What is the highest common divisor of 106084 and 484?
44
What is the greatest common divisor of 184 and 447?
1
What is the greatest common divisor of 72 and 484884?
36
Calculate the greatest common divisor of 875105 and 770.
385
What is the highest common divisor of 2495660 and 180?
20
What is the highest common factor of 668 and 94021?
167
Calculate the greatest common factor